 factor of 6006 and 12107711.
77
What is the highest common factor of 3269359 and 38155573?
19577
Calculate the highest common divisor of 650 and 97627790.
130
Calculate the highest common divisor of 24282 and 290852.
38
What is the greatest common divisor of 17639649 and 6?
3
What is the greatest common factor of 841 and 20235301?
841
Calculate the highest common factor of 99773 and 7.
1
What is the highest common divisor of 66 and 13137333?
33
Calculate the highest common factor of 2070 and 577855.
5
Calculate the greatest common divisor of 82 and 82458.
2
Calculate the highest common divisor of 10458513 and 171.
9
Calculate the greatest common divisor of 208197402 and 1785.
357
Calculate the greatest common divisor of 46699 and 209797.
697
Calculate the highest common factor of 4043 and 175292.
13
Calculate the greatest common divisor of 15542936 and 328.
328
Calculate the highest common divisor of 408 and 644815848.
408
What is the greatest common divisor of 2170312030 and 107?
107
What is the greatest common factor of 501367000 and 1000?
1000
Calculate the highest common divisor of 5900277 and 8016.
501
Calculate the greatest common factor of 11712640 and 1960.
40
Calculate the highest common factor of 235 and 46985524.
47
Calculate the highest common factor of 9638 and 5157910.
158
What is the greatest common factor of 11148524 and 43?
43
Calculate the greatest common factor of 680 and 462860.
20
What is the greatest common divisor of 335372392 and 4328?
4328
What is the highest common divisor of 6080 and 7713848?
152
Calculate the greatest common factor of 56 and 1770488.
8
What is the highest common factor of 6144 and 121596?
12
Calculate the highest common factor of 4213 and 25982.
11
Calculate the greatest common divisor of 304 and 2327015728.
304
What is the highest common divisor of 31111 and 3127?
53
What is the highest common factor of 418 and 463210?
22
Calculate the greatest common factor of 1043 and 79547971.
149
Calculate the highest common factor of 234780 and 3018428.
1204
What is the highest common factor of 125987706 and 90?
18
What is the highest common divisor of 145191218 and 445?
89
What is the greatest common factor of 2726 and 39435679?
1363
Calculate the highest common factor of 1458314 and 99242.
286
What is the greatest common factor of 17375488 and 128?
128
What is the greatest common factor of 340387880 and 54495?
6055
What is the highest common factor of 2614557901 and 29?
29
Calculate the highest common factor of 1507628 and 748.
68
What is the highest common factor of 3087 and 19959219?
441
What is the greatest common factor of 16 and 2369098?
2
Calculate the greatest common factor of 29136 and 330870844.
2428
Calculate the highest common factor of 2545473 and 13489.
329
What is the highest common divisor of 190 and 54421890?
190
Calculate the highest common divisor of 7194 and 37405203.
3597
Calculate the highest common divisor of 4053049 and 308.
77
What is the highest common divisor of 194 and 364138?
194
Calculate the highest common divisor of 152 and 3586364.
76
Calculate the greatest common factor of 116534731 and 4727.
4727
What is the greatest common factor of 3996092652 and 1668?
1668
What is the highest common factor of 177689 and 4188013?
1297
Calculate the highest common factor of 4018 and 14860286.
574
Calculate the highest common divisor of 1695 and 31753.
113
Calculate the highest common divisor of 157662 and 108796.
922
What is the greatest common factor of 461450 and 4056565?
4195
Calculate the highest common divisor of 136 and 4160954.
34
What is the highest common divisor of 615 and 429855?
15
Calculate the highest common divisor of 478787298 and 66.
66
Calculate the highest common factor of 3379101 and 308.
11
What is the highest common factor of 5071825 and 2618?
11
What is the greatest common divisor of 39627105 and 5810?
2905
Calculate the highest common factor of 16466217 and 57.
57
Calculate the highest common factor of 30384466 and 470.
94
Calculate the greatest common factor of 29665838 and 47248.
5906
Calculate the greatest common divisor of 42682086 and 2568.
642
Calculate the highest common divisor of 400 and 8570960.
80
What is the highest common factor of 23738 and 29348?
22
Calculate the highest common factor of 384 and 35898528.
96
Calculate the highest common factor of 203218 and 15290.
278
Calculate the highest common divisor of 14406 and 311488590.
2058
What is the highest common divisor of 187760 and 144?
16
What is the highest common divisor of 273079 and 34040?
23
Calculate the greatest common divisor of 879757 and 21299.
361
Calculate the greatest common factor of 6557916 and 399492.
1644
Calculate the highest common divisor of 9240798 and 42.
42
What is the greatest common factor of 161438 and 11342?
106
What is the greatest common divisor of 3628143 and 19767?
1797
What is the highest common factor of 138919046 and 7?
7
Calculate the highest common factor of 106525673 and 23.
23
What is the highest common divisor of 2082791 and 129?
43
Calculate the highest common factor of 2056586 and 781.
71
Calculate the greatest common divisor of 286335 and 5061.
21
Calculate the highest common factor of 71831 and 25833.
109
Calculate the greatest common factor of 173615 and 141895.
65
What is the greatest common divisor of 20460 and 37055788?
1364
Calculate the highest common factor of 20698424 and 752.
376
What is the highest common factor of 6324 and 7196?
4
What is the greatest common divisor of 1566 and 5874?
6
What is the highest common divisor of 13425778 and 2050?
82
Calculate the highest common factor of 327813768 and 198.
18
What is the highest common factor of 762128 and 391?
23
What is the greatest common factor of 4873190 and 240?
10
Calculate the highest common divisor of 638374583 and 847.
847
Calculate the highest common divisor of 5567 and 6973.
19
What is the greatest common divisor of 8315 and 4421917?
1663
What is the highest common divisor of 2666348 and 1356?
452
What is the highest common factor of 24 and 29292996?
12
Calculate the greatest common divisor of 897984 and 438336.
576
What is the greatest common factor of 101231 and 13178?
599
Calculate the greatest common factor of 132 and 8593090.
22
What is the greatest common factor of 5310 and 351765080?
590
What is the highest common factor of 297453160 and 1801?
1801
Calculate the highest common divisor of 8348 and 918037908.
8348
Calculate the highest common factor of 94446 and 34254.
198
Calculate the greatest common factor of 1857 and 131728152.
1857
What is the highest common factor of 1603637 and 5404?
1351
Calculate the greatest common divisor of 6 and 10831482.
6
Calculate the greatest common divisor of 1241595 and 1080.
135
Calculate the greatest common divisor of 917574514 and 8366.
8366
Calculate the highest common divisor of 460 and 3157762.
46
Calculate the greatest common divisor of 21368 and 20744.
8
What is the highest common factor of 11176482 and 27462?
138
What is the highest common factor of 1251 and 2998508?
139
What is the greatest common divisor of 960888 and 7056?
24
What is the greatest common divisor of 629 and 35042219?
629
Calculate the greatest common factor of 124257 and 2299773.
2037
Calculate the highest common factor of 106506 and 9234594.
1746
What is the highest common factor of 102078796 and 4?
4
What is the highest common divisor of 31210 and 2287693?
3121
What is the highest common factor of 43713905 and 545?
545
What is the greatest common factor of 96 and 149760468?
12
Calculate the highest common divisor of 25646964 and 10319.
607
What is the greatest common divisor of 886 and 3494?
2
What is the greatest common divisor of 931 and 17070816?
931
Calculate the highest common factor of 3074 and 71311.
29
What is the greatest common factor of 126383287 and 119?
17
Calculate the highest common divisor of 29817 and 603.
9
What is the greatest common divisor of 34 and 105277702?
34
Calculate the greatest common divisor of 1421573 and 12001.
1091
What is the highest common divisor of 275 and 6902975?
25
What is the highest common factor of 141888 and 4086?
6
What is the highest common divisor of 3594040 and 74860?
380
Calculate the highest common divisor of 1817 and 